 composite number?
False
Is 145121 a prime number?
True
Is 34154 composite?
True
Is 430937 prime?
False
Is 4829 a composite number?
True
Is 18481 prime?
True
Is 1061 prime?
True
Is 104849 prime?
True
Is 26997 a composite number?
True
Is 7555 a composite number?
True
Is 211921 a prime number?
False
Is 13859 composite?
False
Is 61219 a prime number?
False
Is 740651 a composite number?
False
Is 350099 a composite number?
True
Is 69061 composite?
False
Is 103451 a composite number?
False
Is 1498379 a prime number?
True
Is 56629 prime?
True
Is 3937 prime?
False
Is 1783 a prime number?
True
Is 9791 a prime number?
True
Is 75749 prime?
False
Is 18157 prime?
False
Is 1918043 composite?
True
Is 28699 composite?
True
Is 302285 prime?
False
Is 16237 a composite number?
True
Is 1318 prime?
False
Is 245687 a composite number?
True
Is 225257 prime?
True
Is 63241 a composite number?
False
Is 155161 a composite number?
False
Is 1011 a prime number?
False
Is 189097 a composite number?
True
Is 1439 a composite number?
False
Is 88643 a composite number?
False
Is 487479 a prime number?
False
Is 204233 a composite number?
False
Is 96757 a composite number?
False
Is 20649 composite?
True
Is 21389 composite?
True
Is 60493 composite?
False
Is 72739 a composite number?
False
Is 106243 composite?
False
Is 17519 prime?
True
Is 6211 composite?
False
Is 389399 prime?
True
Is 3057 a prime number?
False
Is 57089 composite?
False
Is 3433 composite?
False
Is 2680597 prime?
True
Is 3781 a prime number?
False
Is 4853 prime?
False
Is 41315 a composite number?
True
Is 5353 a prime number?
False
Is 6989 a composite number?
True
Is 103643 a composite number?
False
Is 15419 a prime number?
False
Is 38891 a prime number?
True
Is 6941 a prime number?
False
Is 58661 a prime number?
True
Is 2921 composite?
True
Is 93185 composite?
True
Is 648811 composite?
True
Is 2271029 composite?
True
Is 291143 composite?
False
Is 8657 composite?
True
Is 5731 composite?
True
Is 1367 composite?
False
Is 17149 composite?
True
Is 160585 a composite number?
True
Is 10921 composite?
True
Is 24749 composite?
False
Is 20131 a composite number?
True
Is 2749589 a composite number?
False
Is 144281 composite?
True
Is 261881 a composite number?
False
Is 320407 composite?
True
Is 42949 a prime number?
False
Is 226 prime?
False
Is 449299 composite?
False
Is 121 composite?
True
Is 539039 a prime number?
True
Is 16573 composite?
False
Is 116063 a composite number?
True
Is 32999 composite?
False
Is 833347 composite?
False
Is 11791 a composite number?
True
Is 10551 a composite number?
True
Is 6239 prime?
False
Is 64261 prime?
False
Is 17341 a composite number?
False
Is 34043 a prime number?
False
Is 513943 a composite number?
False
Is 12637 a composite number?
False
Is 62783 prime?
False
Is 2579 a prime number?
True
Is 70379 a prime number?
True
Is 4043437 a prime number?
True
Is 37217 prime?
True
Is 90239 prime?
True
Is 96553 a composite number?
False
Is 41137 composite?
True
Is 193447 a prime number?
True
Is 2307 composite?
True
Is 33107 a prime number?
True
Is 2024719 a composite number?
True
Is 1427123 composite?
True
Is 214763 prime?
True
Is 3389 prime?
True
Is 26453 composite?
True
Is 78401 a prime number?
True
Is 2414713 a prime number?
False
Is 3407 a composite number?
False
Is 68141 a prime number?
True
Is 444517 a prime number?
True
Is 209123 prime?
True
Is 39595 a composite number?
True
Is 40231 composite?
False
Is 313661 composite?
False
Is 131413 a composite number?
False
Is 478493 a prime number?
True
Is 2675167 prime?
False
Is 80107 composite?
False
Is 359 prime?
True
Is 32411 composite?
False
Is 102493 prime?
False
Is 41387 prime?
True
Is 766295 prime?
False
Is 84207 prime?
False
Is 142357 prime?
True
Is 19529 prime?
False
Is 8063 a composite number?
True
Is 24929 a composite number?
True
Is 25841 a composite number?
False
Is 14903 a prime number?
False
Is 157043 a prime number?
False
Is 257369 a composite number?
True
Is 784427 a composite number?
True
Is 237727 composite?
True
Is 331 a prime number?
True
Is 25073 composite?
False
Is 13033 a composite number?
False
Is 72563 a prime number?
False
Is 219433 a prime number?
True
Is 100117 composite?
True
Is 347239 composite?
False
Is 1214819 prime?
True
Is 17693 prime?
False
Is 1477 prime?
False
Is 3793 composite?
False
Is 91493 composite?
False
Is 631 a composite number?
False
Is 83693 a composite number?
True
Is 32689 composite?
True
Is 9377 a prime number?
True
Is 2164171 composite?
False
Is 38219 composite?
False
Is 68633 prime?
True
Is 65143 composite?
True
Is 16847 prime?
False
Is 797 composite?
False
Is 53923 composite?
False
Is 4211 prime?
True
Is 478597 composite?
True
Is 99707 prime?
True
Is 12443 prime?
False
Is 255239 composite?
False
Is 909355 prime?
False
Is 37951 a prime number?
True
Is 39941 a composite number?
True
Is 36463 a composite number?
True
Is 100057 prime?
True
Is 15751 a composite number?
True
Is 1541065 a composite number?
True
Is 86749 prime?
False
Is 66577 a prime number?
False
Is 249911 a prime number?
True
Is 11467 a composite number?
False
Is 2435 a composite number?
True
Is 128209 prime?
False
Is 852079 a prime number?
True
Is 757651 a composite number?
False
Is 25161 composite?
True
Is 4393 a composite number?
True
Is 124601 composite?
False
Is 1097191 a prime number?
False
Is 14567 composite?
True
Is 977173 a prime number?
False
Is 382 prime?
False
Is 423977 a composite number?
False
Is 6809 a prime number?
False
Is 198301 a composite number?
False
Is 695227 a composite number?
True
Is 495031 composite?
True
Is 9967 composite?
False
Is 73999 a prime number?
True
Is 672706 a composite number?
True
Is 877235 a prime number?
False
Is 10171 a composite number?
True
Is 7817 a prime number?
True
Is 31469 composite?
False
Is 673 a prime number?
True
Is 632207 a composite number?
True
Is 837313 composite?
False
Is 32822 prime?
False
Is 1923547 prime?
True
Is 7853 a composite number?
False
Is 20707 a prime number?
True
Is 15427 prime?
True
Is 1819 a prime number?
False
Is 297833 a prime number?
True
Is 853 a composite number?
False
Is 391 prime?
False
Is 32771 prime?
True
Is 233837 prime?
True
Is 126781 a composite number?
False
Is 5059 a prime number?
True
Is 632321 prime?
True
Is 1045859 a prime number?
True
Is 4487 a composite number?
True
Is 21001 composite?
False
Is 453677 a composite number?
True
Is 17231 prime?
True
Is 2243 composite?
False
Is 18433 a composite number?
False
Is 5051 prime?
True
Is 99227 a composite number?
True
Is 628301 a composite number?
False
Is 12071 a composite number?
False
Is 57859 composite?
False
Is 18199 composite?
False
Is 1117 composite?
False
Is 237313 a composite number?
False
Is 145 prime?
False
Is 456902 prime?
False
Is 4946 prime?
False
Is 103919 composite?
False
Is 2855 a prime number?
False
Is 1379 a composite number?
True
Is 13571 composite?
True
Is 51659 a composite number?
False
Is 208019 composite?
True
Is 728173 a composite number?
False
Is 1337 composite?
True
Is 113179 composite?
True
Is 441307 a prime number?
True
Is 505289 a prime number?
False
Is 503939 a composite number?
False
Is 26747 prime?
False
Is 90173 composite?
False
Is 79267 composite?
True
Is 301123 a composite number?
False
Is 469321 a prime number?
True
Is 347099 a composite number?
False
Is 806977 a composite number?
False
Is 1815139 composite?
True
Is 91513 a composite number?
False
Is 2155 a composite number?
True
Is 117413 a composite number?
False
Is 14281 a composite number?
False
Is 6007 a composite number?
False
Is 7981 prime?
False
Is 87523 a prime number?
True
Is 236389 a prime number?
False
Is 22702 a composite number?
True
Is 1591 a prime number?
False
Is 77667 prime?
False
Is 273857 composite?
False
Is 1175078 a prime number?
False
Is 272239 prime?
False
Is 8185 prime?
False
Is 309079 composite?
False
Is 97131 composite?
True
Is 14741 composite?
False
Is 160249 prime?
False
Is 2721 prime?
False
Is 583963 a prime number?
False
Is 11657 a prime number?
True
Is 37451 composite?
True
Is 121229 a prime number?
True
Is 29789 a composite number?
False
Is 68297 composite?
True
Is 1541 a prime number?
False
Is 4177 composite?
False
Is 1639 a prime number?
False
Is 16729 composite?
False
Is 40879 a compo